 - 1. Is i(-4) a composite number?
True
Suppose 0 = -j - 3*n - 4, 5*j + 5*n = -60. Let b be ((-2)/4 + 1)/((-4)/j). Suppose y + r = -0*y + 3197, b = -r. Is y a prime number?
False
Suppose -13*h + 8*h + 100 = 0. Let g be ((-207)/(-12))/(6/h)*2. Suppose 1212 = p + g. Is p a prime number?
True
Suppose -3*y - 10 = r, -2*r - 14 = -2*y + 5*y. Let o be 0 + (0 - 4) + 4. Is o + y - (1 - 52) a prime number?
False
Let u(h) = h**3 - h**2 - h + 7. Let k be u(2). Let z(f) be the third derivative of f**6/60 - 7*f**5/60 + 5*f**4/24 + 17*f**3/6 + f**2. Is z(k) a prime number?
True
Suppose -4*j + 2048 = -4*s, -4*j = -3*j + 5*s - 512. Suppose -44*i + 87 + 238 = 61. Suppose i*b - 4*b = 3*l + 253, j = 4*b - 4*l. Is b a prime number?
True
Suppose -110*l + 4073605 = 105*l. Is l prime?
True
Let z(d) = d**3 + 20*d**2 - 19*d + 54. Let w be z(-21). Suppose w*t - 42*t = -99570. Is t a prime number?
True
Suppose 7154*v - 63974 = 7153*v - 3*l, -v - 4*l + 63969 = 0. Is v a composite number?
True
Let h = 117 - 15. Let p(c) = -49*c - 37 + h*c - 56*c + 2*c**2. Is p(16) a composite number?
True
Let r be ((-209)/(-22))/(2/(-4)). Let g = 30 + r. Is 2017/(-4)*g/(33/(-12)) a prime number?
True
Suppose -18*k = -17*k - 13. Suppose -4*n + 18 = 2*y + y, -k = -5*n + y. Suppose 0*v - 2*v - 1665 = -n*o, 3*o = -v + 1674. Is o composite?
False
Let v(m) = -m**3 + 11*m**2 + 3*m - 31. Let y be v(11). Suppose i = y*i - 4903. Is i composite?
False
Suppose -4*n + 2 = -5*k, 2*k = 7*k + 5*n + 20. Let s be ((-2918)/k)/(11 - 10). Suppose -5 = -5*i, 3*c + i - s - 2031 = 0. Is c a prime number?
True
Let b(z) = 3*z - 51. Let w be b(24). Is 1*(-150966)/(-42) - (-12)/w prime?
False
Let l(m) = 175*m**2 - 46*m + 581. Is l(18) composite?
False
Suppose 12*t - 9*t = z + 3552, 3*t + 4*z = 3567. Let l be (2 + 2)/(-4) - -6. Suppose 2*u + t = l*u. Is u a prime number?
False
Let n = 151719 + 14630. Is n a prime number?
True
Let a = 2753097 + -1782676. Is a composite?
False
Suppose g + k = 8, 0*k = -4*g - 3*k + 30. Let c(l) = 7*l**2 + 6*l + 14. Let d be c(g). Is (0 + d)*(-3)/(-3) prime?
False
Let o(v) = 1495*v**2 + 15*v + 1. Is o(-4) a prime number?
False
Let b(t) = -9553*t + 691. Is b(-6) composite?
True
Let q(t) be the third derivative of -553*t**6/120 + t**5/30 - t**4/6 - 13*t**3/6 + 19*t**2 + t. Is q(-2) prime?
False
Let z = 556 + -544. Is z/8*22810*6/18 prime?
False
Let n(m) be the second derivative of -m**5/20 - m**4/6 - 2*m**3/3 - m**2 + 20*m. Let x be n(-1). Is (-366)/((-2 - 0)*x) a composite number?
True
Suppose -970 = 6*x + 2642. Let q = -415 - x. Is q a composite number?
True
Suppose -11675 = 112*j - 117*j. Is j prime?
False
Suppose 9*w - 2*w = 966. Let b = w - 108. Is (4/(-3))/(b/(-4635)) composite?
True
Let v = 459847 + -62258. Is v composite?
False
Let q = 231373 - -348624. Is q composite?
True
Is 8/6 - (-114139)/(-6)*-4 composite?
True
Suppose 0*g + 3*r - 367 = -2*g, -5*r = 3*g - 550. Suppose 4*t - 8*t - 24 = 0. Is g*(t - -3)/(-3) a prime number?
False
Let j = 4 + -6. Let n be j + 3 + -2 + 1. Suppose -5*b + 981 + 1604 = n. Is b composite?
True
Suppose 20*r = 13*r + 119. Suppose r*d - 436271 = -0*d. Is d prime?
False
Let t(f) = 898*f**2 - 19*f + 28. Let a be t(8). Suppose -27*w + a = -34857. Is w a prime number?
False
Suppose -15*f = -5174448 - 8104437. Is f composite?
True
Let n(q) = -46*q**2 + 9*q + 62. Let m be n(-13). Let k = m + 16732. Is k prime?
False
Let n = -487 - -490. Is (24/(-6) + (-25044)/(-18))*n a prime number?
False
Let a be 102/27 + (-8)/(-36). Suppose -a*c = 4 - 0. Let x(k) = -123*k. Is x(c) a composite number?
True
Let m be 7/2*(-64)/(-1). Suppose 0 = i - m - 804. Suppose -10*f = -6*f - i. Is f a composite number?
False
Let v(i) = i**2 - 15*i + 17. Let s be v(13). Let a(q) = -308*q + 39. Is a(s) a prime number?
False
Let t = -94 - -115. Suppose 3*g - 25 = -5*f, g + 3*f + 6 = t. Suppose 11*m - 15*m + 1348 = g. Is m a prime number?
True
Suppose -4*a + m + 28271 = 0, -35325 = 223*a - 228*a + 4*m. Is a a prime number?
True
Is (198/132)/((27/(-58179288))/(6/(-8))) composite?
False
Let p(c) = -7*c**3 - 6*c**2 + 38*c + 13. Is p(-14) composite?
True
Let i be (1 - 1)/((-1)/(-1)). Suppose i = 2*h + 313 - 3845. Suppose -5*f - 2*d = -3535, 3*d = -4*f + 1055 + h. Is f a composite number?
False
Let t be ((-9)/(-45))/(830/275 - 3). Is -15342*(4 - t)/42 a composite number?
False
Let a(v) = 2003*v - 15. Let u be a(2). Suppose 2*t + 873 - u = 0. Is t prime?
True
Let h(v) = -23*v + 30. Let i be h(1). Is 2582*1*i/126*9 a prime number?
True
Suppose 4 = 5*j - 3*t - 21, 5*t - 25 = 0. Let s(o) = -8*o**2 + 41 - 77 + 3*o + 3*o**3 + 43. Is s(j) composite?
True
Suppose -4*l = -2*k + 1226610, -4*k + 3090570 - 637340 = 2*l. Is k composite?
True
Suppose 2*k = -18 - 0. Let b(m) = 20*m**2 - 31*m - 6. Is b(k) a prime number?
False
Suppose 8*n - 16294 = 5674. Let p = -1659 + n. Is p prime?
True
Suppose x - 5*z = -22, x + 5*z = -0*z + 28. Suppose -24 = 3*j - 2*k, -4*k + 15 = -j - x. Is (-13)/((1/(-2))/(j + 7)) prime?
False
Let s(d) = d**3 + 5*d**2 - 7*d - 5. Let y be s(-6). Is -34*(-4)/16*(y + 133) prime?
False
Is (2 + -1)/(12/2 + (-78847243)/13141211) composite?
True
Is ((580/(-24))/(-29))/((-2)/(-2318916)) composite?
True
Suppose 3*l + 4*f = 81561, 3*l + 22*f - 81549 = 20*f. Is l a composite number?
False
Let l(q) = q**3 + 12*q**2 + 14*q - 3. Let v be l(-12). Let h = 285 + v. Suppose -h = -z + 605. Is z prime?
True
Let d = -29 + -16. Let h be 9/d - 31/(-5). Suppose -h*v + 3174 = -0*v. Is v a composite number?
True
Suppose -2*n = 8906 + 2356. Let x = n + 12020. Is x a composite number?
False
Suppose 22 - 8 = 7*h. Let l be 1419/2 + (-3)/h. Is l + -3*(-5)/(-15) a prime number?
False
Suppose 406*y - 12848143 = 83090631 + 69290640. Is y prime?
True
Let k be -4 - (1 - 0)/((-4)/26336). Let o = k - 4503. Suppose 8*w + 597 = o. Is w a prime number?
False
Is (-1199784)/72*(-2 + -1) composite?
False
Suppose 4*z - 23461 + 2689 = 0. Suppose -5*x = 3*f - 20429, 3*x = f - 1598 - z. Is f prime?
True
Let v be ((-18)/(-7 - -9))/(1/(-4)). Let w(g) = 342*g + 179. Is w(v) composite?
False
Suppose 0 = -2*w + 4*x + 44, 2*w + 2*x - 11 = 9. Let v be (-4)/w + (-5)/((-35)/(-3344)). Let y = v - -1125. Is y composite?
False
Suppose -4*a + 5*x = 7*x + 314084, -2*a + x - 157046 = 0. Is 9/(-12) - a/24 composite?
False
Suppose -4*p + 4*i = -44, 3*p - p - 3*i - 26 = 0. Suppose 10*n = -p*n + 35717. Is n a prime number?
False
Suppose z - 2*a = -3*a - 56, 5*z = 5*a - 280. Is (11744/z)/((-2)/7) composite?
True
Let z(f) be the second derivative of f**4/3 + 5*f**3/6 - 33*f**2/2 + 2*f. Let s = -1514 - -1504. Is z(s) prime?
True
Suppose -5*p = -2*p + 3. Let y(q) = -4915*q**3 - 2*q - 2. Is y(p) a composite number?
True
Let x = 2209653 - 1124942. Is x prime?
True
Let s(n) = 9 + 10*n + 0*n - 7*n. Let k be s(-5). Is ((-2)/k)/((-3)/(-1647)) a prime number?
False
Let q = 22 - 11. Let d(l) = -2*l**2 + 3*l**2 + l - q*l + 4*l - 33. Is d(22) a composite number?
True
Let l = -83 + 87. Suppose -m + 1987 = -v, -v = -l*m + 1200 + 781. Let s = v + 6560. Is s prime?
False
Suppose -4*d = 3*n - 2*n + 3787, -4*n + 3*d - 15148 = 0. Is (n/(-14) - (-2)/4)*5 a prime number?
False
Let s(l) be the second derivative of 319*l**5/20 + l**4/12 - l**3/6 + 3*l**2/2 - 20*l - 2. Is s(2) prime?
True
Let s be 63 - -1*(1/(-1) + 2). Let m = -5 + s. Is 4/(-2)*1 - -69*m composite?
True
Let f = -369307 + 1087434. Is f a composite number?
True
Let g(l) = -292*l + 7069. Is g(0) prime?
True
Let z(u) = 67*u**3 - 12*u**2 - 11*u - 113. Is z(11) a composite number?
False
Suppose -44 = 2*s + 9*s. Is (-5158)/(s - (1 + -3) - 0) a composite number?
False
Suppose -530488 - 564443 = -10*a - 353861. Is a prime?
False
Is 6044*(4/18)/(320/56520) a prime number?
False
Suppose -17*b = -25*b + 102488. Suppose 0 = -0*r + 3*r + 3, 2*c - b = -3*r. Is c a prime number?
False
Let b(u) be the first derivative of 105*u**2/2 + 22*u + 207. Is b(8) a composite number?
True
Let q(k) = 6*k + 2239. Let j be q(0). Suppose 2*v = -v + 5*p + 6703, 0 = v - 4*p - j. Is v a prime number?
False
Suppose 24400034 = 142*y - 36*y. Is y composite?
False
Let i be 14 - -160*(-14)/(-4). Let g(a) = 578*a**2 + a. Let t be g(-1). Let w = i + t. Is w prime?
True
Let d(y) = y**3 - 13*y**2 + 3. Let z be d(13). Suppose z*t - 120 + 459 = 3*l, 0 = 4